{"id":19,"date":"2025-07-20T19:41:26","date_gmt":"2025-07-20T19:41:26","guid":{"rendered":"https:\/\/datatrygg.se\/?page_id=19"},"modified":"2025-07-20T19:41:26","modified_gmt":"2025-07-20T19:41:26","slug":"tjanster","status":"publish","type":"page","link":"https:\/\/datatrygg.se\/?page_id=19","title":{"rendered":"Tj\u00e4nster"},"content":{"rendered":"\n<p>Vi erbjuder expertis inom flera omr\u00e5den, \u00e4r ni intresserade av n\u00e5got speciellt, h\u00f6r av er till oss s\u00e5 \u00e5terkopplar vi hur vi kan hj\u00e4lpa er inom det omr\u00e5det.<\/p>\n\n\n\n<p>Nedan \u00e4r ett axplock av vad vi sysslar med:<\/p>\n\n\n\n<ul class=\"wp-block-list\">\n<li>Utbildningar inom informationss\u00e4kerhet<\/li>\n\n\n\n<li>Personlig ePost f\u00f6r organisationer eller f\u00f6retag <\/li>\n\n\n\n<li>Hemsidor och formul\u00e4r<\/li>\n\n\n\n<li>Samarbeta och dela data inom f\u00f6retag eller bostadsr\u00e4ttsf\u00f6rening <\/li>\n\n\n\n<li>Hj\u00e4lp med utrustning f\u00f6r f\u00f6retag eller organisation <\/li>\n<\/ul>\n\n\n\n<p>exempel p\u00e5 program vi kan hj\u00e4lpa till med:<\/p>\n\n\n\n<ul class=\"wp-block-list\">\n<li>Google Workspace <\/li>\n\n\n\n<li>WordPress<\/li>\n\n\n\n<li>cPanel (servrar f\u00f6r tex hemsidor)<\/li>\n\n\n\n<li>DNS, SMTP, FTP, SSH<\/li>\n\n\n\n<li>Excel, PowerPoint, PowerBI etc<\/li>\n<\/ul>\n\n\n\n<p>Vill du veta mer, tveka inte utan h\u00f6r av dig till oss p\u00e5 <a href=\"Mailto:info@datatrygg.se\">DataTrygg<\/a>!<\/p>\n","protected":false},"excerpt":{"rendered":"<p>Vi erbjuder expertis inom flera omr\u00e5den, \u00e4r ni intresserade av n\u00e5got speciellt, h\u00f6r av er till oss s\u00e5 \u00e5terkopplar vi [&hellip;]<\/p>\n","protected":false},"author":1,"featured_media":0,"parent":0,"menu_order":0,"comment_status":"closed","ping_status":"closed","template":"","meta":{"site-sidebar-layout":"default","site-content-layout":"","ast-site-content-layout":"default","site-content-style":"default","site-sidebar-style":"default","ast-global-header-display":"","ast-banner-title-visibility":"","ast-main-header-display":"","ast-hfb-above-header-display":"","ast-hfb-below-header-display":"","ast-hfb-mobile-header-display":"","site-post-title":"","ast-breadcrumbs-content":"","ast-featured-img":"","footer-sml-layout":"","ast-disable-related-posts":"","theme-transparent-header-meta":"","adv-header-id-meta":"","stick-header-meta":"","header-above-stick-meta":"","header-main-stick-meta":"","header-below-stick-meta":"","astra-migrate-meta-layouts":"default","ast-page-background-enabled":"default","ast-page-background-meta":{"desktop":{"background-color":"var(--ast-global-color-5)","background-image":"","background-repeat":"repeat","background-position":"center center","background-size":"auto","background-attachment":"scroll","background-type":"","background-media":"","overlay-type":"","overlay-color":"","overlay-opacity":"","overlay-gradient":""},"tablet":{"background-color":"","background-image":"","background-repeat":"repeat","background-position":"center center","background-size":"auto","background-attachment":"scroll","background-type":"","background-media":"","overlay-type":"","overlay-color":"","overlay-opacity":"","overlay-gradient":""},"mobile":{"background-color":"","background-image":"","background-repeat":"repeat","background-position":"center center","background-size":"auto","background-attachment":"scroll","background-type":"","background-media":"","overlay-type":"","overlay-color":"","overlay-opacity":"","overlay-gradient":""}},"ast-content-background-meta":{"desktop":{"background-color":"var(--ast-global-color-4)","background-image":"","background-repeat":"repeat","background-position":"center center","background-size":"auto","background-attachment":"scroll","background-type":"","background-media":"","overlay-type":"","overlay-color":"","overlay-opacity":"","overlay-gradient":""},"tablet":{"background-color":"var(--ast-global-color-4)","background-image":"","background-repeat":"repeat","background-position":"center center","background-size":"auto","background-attachment":"scroll","background-type":"","background-media":"","overlay-type":"","overlay-color":"","overlay-opacity":"","overlay-gradient":""},"mobile":{"background-color":"var(--ast-global-color-4)","background-image":"","background-repeat":"repeat","background-position":"center center","background-size":"auto","background-attachment":"scroll","background-type":"","background-media":"","overlay-type":"","overlay-color":"","overlay-opacity":"","overlay-gradient":""}},"footnotes":""},"class_list":["post-19","page","type-page","status-publish","hentry"],"yoast_head":"<!-- This site is optimized with the Yoast SEO plugin v27.4 - https:\/\/yoast.com\/product\/yoast-seo-wordpress\/ -->\n<title>Tj\u00e4nster - DataTrygg<\/title>\n<meta name=\"robots\" content=\"index, follow, max-snippet:-1, max-image-preview:large, max-video-preview:-1\" \/>\n<link rel=\"canonical\" href=\"https:\/\/datatrygg.se\/?page_id=19\" \/>\n<meta property=\"og:locale\" content=\"sv_SE\" \/>\n<meta property=\"og:type\" content=\"article\" \/>\n<meta property=\"og:title\" content=\"Tj\u00e4nster - DataTrygg\" \/>\n<meta property=\"og:description\" content=\"Vi erbjuder expertis inom flera omr\u00e5den, \u00e4r ni intresserade av n\u00e5got speciellt, h\u00f6r av er till oss s\u00e5 \u00e5terkopplar vi [&hellip;]\" \/>\n<meta property=\"og:url\" content=\"https:\/\/datatrygg.se\/?page_id=19\" \/>\n<meta property=\"og:site_name\" content=\"DataTrygg\" \/>\n<meta name=\"twitter:card\" content=\"summary_large_image\" \/>\n<meta name=\"twitter:label1\" content=\"Ber\u00e4knad l\u00e4stid\" \/>\n\t<meta name=\"twitter:data1\" content=\"1 minut\" \/>\n<script type=\"application\/ld+json\" class=\"yoast-schema-graph\">{\"@context\":\"https:\\\/\\\/schema.org\",\"@graph\":[{\"@type\":\"WebPage\",\"@id\":\"https:\\\/\\\/datatrygg.se\\\/?page_id=19\",\"url\":\"https:\\\/\\\/datatrygg.se\\\/?page_id=19\",\"name\":\"Tj\u00e4nster - DataTrygg\",\"isPartOf\":{\"@id\":\"https:\\\/\\\/datatrygg.se\\\/#website\"},\"datePublished\":\"2025-07-20T19:41:26+00:00\",\"breadcrumb\":{\"@id\":\"https:\\\/\\\/datatrygg.se\\\/?page_id=19#breadcrumb\"},\"inLanguage\":\"sv-SE\",\"potentialAction\":[{\"@type\":\"ReadAction\",\"target\":[\"https:\\\/\\\/datatrygg.se\\\/?page_id=19\"]}]},{\"@type\":\"BreadcrumbList\",\"@id\":\"https:\\\/\\\/datatrygg.se\\\/?page_id=19#breadcrumb\",\"itemListElement\":[{\"@type\":\"ListItem\",\"position\":1,\"name\":\"Hem\",\"item\":\"https:\\\/\\\/datatrygg.se\\\/\"},{\"@type\":\"ListItem\",\"position\":2,\"name\":\"Tj\u00e4nster\"}]},{\"@type\":\"WebSite\",\"@id\":\"https:\\\/\\\/datatrygg.se\\\/#website\",\"url\":\"https:\\\/\\\/datatrygg.se\\\/\",\"name\":\"DataTrygg\",\"description\":\"\",\"potentialAction\":[{\"@type\":\"SearchAction\",\"target\":{\"@type\":\"EntryPoint\",\"urlTemplate\":\"https:\\\/\\\/datatrygg.se\\\/?s={search_term_string}\"},\"query-input\":{\"@type\":\"PropertyValueSpecification\",\"valueRequired\":true,\"valueName\":\"search_term_string\"}}],\"inLanguage\":\"sv-SE\"}]}<\/script>\n<!-- \/ Yoast SEO plugin. -->","yoast_head_json":{"title":"Tj\u00e4nster - DataTrygg","robots":{"index":"index","follow":"follow","max-snippet":"max-snippet:-1","max-image-preview":"max-image-preview:large","max-video-preview":"max-video-preview:-1"},"canonical":"https:\/\/datatrygg.se\/?page_id=19","og_locale":"sv_SE","og_type":"article","og_title":"Tj\u00e4nster - DataTrygg","og_description":"Vi erbjuder expertis inom flera omr\u00e5den, \u00e4r ni intresserade av n\u00e5got speciellt, h\u00f6r av er till oss s\u00e5 \u00e5terkopplar vi [&hellip;]","og_url":"https:\/\/datatrygg.se\/?page_id=19","og_site_name":"DataTrygg","twitter_card":"summary_large_image","twitter_misc":{"Ber\u00e4knad l\u00e4stid":"1 minut"},"schema":{"@context":"https:\/\/schema.org","@graph":[{"@type":"WebPage","@id":"https:\/\/datatrygg.se\/?page_id=19","url":"https:\/\/datatrygg.se\/?page_id=19","name":"Tj\u00e4nster - DataTrygg","isPartOf":{"@id":"https:\/\/datatrygg.se\/#website"},"datePublished":"2025-07-20T19:41:26+00:00","breadcrumb":{"@id":"https:\/\/datatrygg.se\/?page_id=19#breadcrumb"},"inLanguage":"sv-SE","potentialAction":[{"@type":"ReadAction","target":["https:\/\/datatrygg.se\/?page_id=19"]}]},{"@type":"BreadcrumbList","@id":"https:\/\/datatrygg.se\/?page_id=19#breadcrumb","itemListElement":[{"@type":"ListItem","position":1,"name":"Hem","item":"https:\/\/datatrygg.se\/"},{"@type":"ListItem","position":2,"name":"Tj\u00e4nster"}]},{"@type":"WebSite","@id":"https:\/\/datatrygg.se\/#website","url":"https:\/\/datatrygg.se\/","name":"DataTrygg","description":"","potentialAction":[{"@type":"SearchAction","target":{"@type":"EntryPoint","urlTemplate":"https:\/\/datatrygg.se\/?s={search_term_string}"},"query-input":{"@type":"PropertyValueSpecification","valueRequired":true,"valueName":"search_term_string"}}],"inLanguage":"sv-SE"}]}},"_links":{"self":[{"href":"https:\/\/datatrygg.se\/index.php?rest_route=\/wp\/v2\/pages\/19","targetHints":{"allow":["GET"]}}],"collection":[{"href":"https:\/\/datatrygg.se\/index.php?rest_route=\/wp\/v2\/pages"}],"about":[{"href":"https:\/\/datatrygg.se\/index.php?rest_route=\/wp\/v2\/types\/page"}],"author":[{"embeddable":true,"href":"https:\/\/datatrygg.se\/index.php?rest_route=\/wp\/v2\/users\/1"}],"replies":[{"embeddable":true,"href":"https:\/\/datatrygg.se\/index.php?rest_route=%2Fwp%2Fv2%2Fcomments&post=19"}],"version-history":[{"count":1,"href":"https:\/\/datatrygg.se\/index.php?rest_route=\/wp\/v2\/pages\/19\/revisions"}],"predecessor-version":[{"id":20,"href":"https:\/\/datatrygg.se\/index.php?rest_route=\/wp\/v2\/pages\/19\/revisions\/20"}],"wp:attachment":[{"href":"https:\/\/datatrygg.se\/index.php?rest_route=%2Fwp%2Fv2%2Fmedia&parent=19"}],"curies":[{"name":"wp","href":"https:\/\/api.w.org\/{rel}","templated":true}]}}